64151257467 composite?
False
Is 23019964489 composite?
False
Is 1293346259 composite?
True
Is 310440059 a prime number?
False
Is 212376919 composite?
True
Is 7528537021 prime?
True
Is 48950969 a composite number?
True
Is 21499726 a composite number?
True
Is 547795019 a prime number?
True
Is 72049401727 a prime number?
True
Is 83983659 a prime number?
False
Is 1303332931 composite?
True
Is 1903847909 prime?
True
Is 7314741583 prime?
True
Is 29782539893 composite?
True
Is 80391917 prime?
True
Is 1705683389 prime?
False
Is 162876773231 prime?
False
Is 13450125833 composite?
True
Is 1273758391 prime?
True
Is 3993786611 prime?
False
Is 676888687 a prime number?
True
Is 684669041 composite?
True
Is 128662649 a prime number?
True
Is 7157377933 prime?
True
Is 3125097551 a prime number?
False
Is 532896227 a prime number?
False
Is 6073192045 composite?
True
Is 2172503849 prime?
True
Is 67260347211 a composite number?
True
Is 5559394801 a composite number?
True
Is 139950102727 a composite number?
False
Is 2069409193 composite?
True
Is 3747678127 a prime number?
False
Is 339976147 composite?
True
Is 3643913837 composite?
False
Is 3448366237 prime?
True
Is 1215877633 a composite number?
False
Is 181031256227 a composite number?
True
Is 88573183 composite?
False
Is 56321289253 a prime number?
True
Is 27963853441 a composite number?
True
Is 14224388459 a prime number?
False
Is 640245671633 a composite number?
False
Is 2090049539 a prime number?
True
Is 409093651 a prime number?
False
Is 986086537 composite?
False
Is 1067029591 a composite number?
True
Is 154138553 a composite number?
True
Is 2514871201 prime?
False
Is 2843264789 composite?
True
Is 105084949 prime?
True
Is 34962135853 a composite number?
True
Is 3253709449 a composite number?
False
Is 418960183 a composite number?
False
Is 13933140617 prime?
False
Is 118837284095 prime?
False
Is 1122055123 prime?
False
Is 4165747763 a prime number?
True
Is 10778939363 composite?
False
Is 324349031 a composite number?
False
Is 1115666389 prime?
True
Is 525218633 prime?
True
Is 134815867211 a prime number?
True
Is 77768604889 a prime number?
False
Is 1300301401 prime?
False
Is 2035972447 composite?
False
Is 10468955033 a composite number?
False
Is 2250615727 composite?
True
Is 104167919 composite?
True
Is 4888162619 a composite number?
False
Is 3674602759 prime?
True
Is 8634739613 a composite number?
False
Is 800088713 a prime number?
False
Is 1720944941 prime?
False
Is 747229331 a composite number?
False
Is 4114977463 composite?
True
Is 12355511173 a prime number?
False
Is 724599959 prime?
False
Is 2141545619 prime?
True
Is 4495993529 a prime number?
False
Is 14817356921 a composite number?
False
Is 1139490853 a composite number?
False
Is 53523642083 a prime number?
True
Is 1656596951 composite?
True
Is 10840717051 composite?
False
Is 495969143 a prime number?
False
Is 461008013 prime?
False
Is 224017393 a prime number?
True
Is 109903835609 composite?
False
Is 1040479379 prime?
False
Is 136321513 a prime number?
True
Is 279512339 a composite number?
False
Is 51428219399 a composite number?
True
Is 34264219553 a prime number?
True
Is 12626469407 composite?
True
Is 152302903 composite?
False
Is 272457043 a prime number?
True
Is 6608718989 a composite number?
True
Is 30223490977 a composite number?
True
Is 17452471943 prime?
True
Is 2133635801 prime?
False
Is 11786599267 a composite number?
True
Is 158362571 composite?
False
Is 27551162207 composite?
False
Is 865569811 composite?
True
Is 535532441 composite?
True
Is 11348630599 a prime number?
True
Is 4929483491 prime?
False
Is 926801471 a prime number?
True
Is 104073349 a composite number?
True
Is 786304529 a composite number?
False
Is 4420785379 a composite number?
True
Is 7178409415 a composite number?
True
Is 122913794845 prime?
False
Is 72366060307 a composite number?
True
Is 7658084821 prime?
True
Is 8573906567 a composite number?
False
Is 7040762647 a prime number?
True
Is 937086617 composite?
False
Is 1065338383 a composite number?
True
Is 103466645 prime?
False
Is 15948511057 composite?
True
Is 30047720921 prime?
True
Is 118953797 a prime number?
True
Is 3035540041 a prime number?
True
Is 17921820297 composite?
True
Is 604842223 a composite number?
True
Is 12900671041 composite?
False
Is 380288917 composite?
True
Is 1378190795 a composite number?
True
Is 3527397491 prime?
False
Is 1578109263 composite?
True
Is 1655826727 composite?
True
Is 954645511 a prime number?
True
Is 1141340021 prime?
False
Is 1324071977 prime?
True
Is 65439054583 composite?
True
Is 34389450383 prime?
True
Is 19949191819 prime?
True
Is 11194687849 a prime number?
True
Is 9391004411 composite?
True
Is 565112381 prime?
True
Is 4895020969 prime?
True
Is 1456510753 a prime number?
False
Is 1475534561 a composite number?
False
Is 424019807 a prime number?
True
Is 58920595087 composite?
False
Is 11586144547 composite?
True
Is 219572900229 a prime number?
False
Is 136941308617 prime?
True
Is 1676181779 a composite number?
False
Is 3304215491 a composite number?
True
Is 24033796339 a prime number?
False
Is 382713269 composite?
True
Is 708260741 a composite number?
False
Is 364044833 a composite number?
False
Is 54927539779 a prime number?
False
Is 248135369 prime?
True
Is 848314333 composite?
True
Is 30929270227 composite?
False
Is 12961253803 a prime number?
True
Is 140580619 a prime number?
False
Is 82391957 a prime number?
False
Is 1869569749 composite?
False
Is 2503169447 a composite number?
True
Is 3287979817 a composite number?
False
Is 112287242551 a prime number?
False
Is 34598419 composite?
True
Is 760602901 a composite number?
True
Is 4872557159 a prime number?
True
Is 34814558041 composite?
True
Is 6138596705 composite?
True
Is 41029797929 a prime number?
True
Is 85718548847 prime?
False
Is 10451741323 composite?
True
Is 586475293 prime?
False
Is 67743981215 composite?
True
Is 70468232113 a prime number?
True
Is 254967314579 a prime number?
True
Is 505368737 a composite number?
True
Is 107140148357 prime?
False
Is 82590347701 composite?
True
Is 1065090781 composite?
True
Is 7763112311 a composite number?
False
Is 102044971643 a composite number?
False
Is 527565659 composite?
True
Is 4373303659 composite?
False
Is 782810983 composite?
False
Is 9024193319 composite?
False
Is 47310375071 composite?
True
Is 36248759 a composite number?
True
Is 14227992557 composite?
True
Is 4058283419 a composite number?
False
Is 28902671789 a prime number?
False
Is 18924776513 a prime number?
True
Is 110760119 prime?
False
Is 10498211467 composite?
True
Is 9633559555 a prime number?
False
Is 309775039 composite?
True
Is 138399061 prime?
True
Is 9104870299 a prime number?
False
Is 477475007 prime?
False
Is 188879849903 a prime number?
True
Is 6595178423 composite?
True
Is 14622345671 composite?
False
Is 29049431833 composite?
True
Is 716133179 composite?
False
Is 17647735799 composite?
False
Is 70465764773 a composite number?
True
Is 134056615543 prime?
False
Is 3203144017 a composite number?
False
Is 807862499 a prime number?
True
Is 295038647 composite?
False
Is 8130639161 composite?
False
Is 17950613383 a composite number?
True
Is 6769956521 composite?
False
Is 2241713333 prime?
True
Is 3540736861 composite?
False
Is 2700646658 a prime number?
False
Is 769203289 composite?
True
Is 2549338931 prime?
False
Is 7125968501 composite?
False
Is 16287121231 composite?
False
Is 3533537471 composite?
False
Is 75609541199 composite?
True
Is 863052689 a composite number?
True
Is 114899404498 a composite number?
True
Is 1100782877 composite?
False
Is 4180603591 a prime number?
True
Is 304656857 composite?
False
Is 21242624803 a prime number?
False
Is 910008107 prime?
False
Is 11295754571 a composite number?
False
Is 83529986593 a composite number?
False
Is 26779349 a prime number?
True
Is 598563535 composite?
True
Is 566456921 a composite number?
False
Is 712790921 composite?
False
Is 1623355873 composite?
True
Is 13214765321 a prime number?
True
Is 1562456411 a prime number?
True
Is 2882385629 composite?
False
Is 9738309013 a composite number?
False
Is 16527183227 composite?
True
Is 131582911 prime?
True
Is 3014571481 prime?
True
Is 3835806719 prime?
True
Is 1171298773 a composite number?
False
Is 22195